base 5, what is -24432112 + -3?
-24432120
In base 7, what is -5 - -4133332?
4133324
In base 8, what is -444 - -341?
-103
In base 3, what is 2010221 + -10122?
2000022
In base 2, what is 10101 + -111100111111?
-111100101010
In base 15, what is c69 + -164?
b05
In base 9, what is -10 - 122884?
-123004
In base 6, what is 12 + -2113310?
-2113254
In base 16, what is -246 - -37d?
137
In base 5, what is -2 + -11310420?
-11310422
In base 10, what is -834 + 1185?
351
In base 12, what is 1b1 - -1aa?
39b
In base 3, what is -2002 - -22000222?
21221220
In base 10, what is 1712437 - 3?
1712434
In base 3, what is 120022200 + 10112?
120110012
In base 3, what is 12210 + -21111?
-1201
In base 9, what is -2418 + -62?
-2481
In base 14, what is -d7ca2 + -1?
-d7ca3
In base 13, what is ba8 - 1c3?
9b5
In base 13, what is 2 - 7676?
-7674
In base 10, what is -71 + 5798?
5727
In base 11, what is 14 + -1800?
-1797
In base 7, what is -2 - 3324?
-3326
In base 4, what is 113 + -2301122?
-2301003
In base 15, what is 215 + 639?
84e
In base 4, what is -10 - -10201130?
10201120
In base 8, what is -145661 + -10?
-145671
In base 3, what is -12 + -11101100220?
-11101101002
In base 2, what is -101 + 101010110100?
101010101111
In base 14, what is 8 - -902?
90a
In base 12, what is -6 + 1127?
1121
In base 14, what is 5 - 2c5?
-2c0
In base 9, what is -25712 - 7?
-25720
In base 2, what is 1000011 - 100101000?
-11100101
In base 13, what is 39 + 175?
1b1
In base 2, what is -1010011001101 + 10?
-1010011001011
In base 12, what is -5 + -40a02?
-40a07
In base 9, what is -156070 - 2?
-156072
In base 4, what is -201210 - 0?
-201210
In base 14, what is 5 + 156bcc?
156bd3
In base 9, what is -2 - -66445?
66443
In base 4, what is -223323 + 20001?
-203322
In base 8, what is 12 + -2012?
-2000
In base 7, what is 200 - 656?
-456
In base 4, what is 21 + -20020220?
-20020133
In base 16, what is -a - -1383?
1379
In base 12, what is 4 - 87b1b?
-87b17
In base 2, what is -11101001111011 - -11010?
-11101001100001
In base 6, what is 1 + -20532304?
-20532303
In base 5, what is 123102433 - 1?
123102432
In base 2, what is 1110111011110010 + 1?
1110111011110011
In base 5, what is -14032023 + 2?
-14032021
In base 6, what is -1 - -3033245?
3033244
In base 12, what is -417 + -13?
-42a
In base 9, what is -58703 + -27?
-58731
In base 11, what is -42800 - 5a?
-4285a
In base 16, what is 80e2 + -3?
80df
In base 11, what is 1312827 + 4?
1312830
In base 13, what is -20c - -cb?
-111
In base 13, what is 31 - a6?
-75
In base 9, what is -4 + -103508?
-103513
In base 14, what is -2 + 2dab6?
2dab4
In base 4, what is 3 - -1321302?
1321311
In base 11, what is -896 + 3?
-893
In base 5, what is 0 - -341342?
341342
In base 6, what is -411240 + -21?
-411301
In base 16, what is bfef0 + 5?
bfef5
In base 9, what is -4 - 24111?
-24115
In base 7, what is -1632 - 23101?
-25033
In base 4, what is -11 - 202020033?
-202020110
In base 11, what is 31 - 588?
-557
In base 2, what is -10101 + -101011000011?
-101011011000
In base 6, what is 1240400 + -4?
1240352
In base 5, what is 10 - -11304022?
11304032
In base 10, what is -7 - -3387?
3380
In base 12, what is 1163 + -22?
1141
In base 9, what is -2 - -458878?
458876
In base 7, what is 24 + 41112?
41136
In base 11, what is 37808 + -5?
37803
In base 2, what is 1011 + -10111010111110011?
-10111010111101000
In base 13, what is -1b6ac8 - -4?
-1b6ac4
In base 6, what is 1222440 - 1?
1222435
In base 7, what is 0 + 551411?
551411
In base 2, what is -10000111101100011100 + 101?
-10000111101100010111
In base 11, what is -6 + -101a8?
-10203
In base 6, what is -451530 - -5?
-451521
In base 16, what is 7b2d - 4?
7b29
In base 13, what is 1 - -4a32?
4a33
In base 4, what is 330 - 22301?
-21311
In base 2, what is 10100110001 + -11101?
10100010100
In base 15, what is 0 + 88a?
88a
In base 8, what is 10545 + 235?
11002
In base 16, what is 3146 - 6?
3140
In base 6, what is 15 - 225302?
-225243
In base 14, what is 323d4 - -2?
323d6
In base 2, what is 111110 - -101111110000?
110000101110
In base 15, what is -4a2 + -10c?
-5ae
In base 2, what is 10011010111101 - 1000?
10011010110101
In base 8, what is -5 + -1071135?
-1071142
In base 15, what is -2 - 661e?
-6621
In base 12, what is -a3 - 126?
-209
In base 7, what is 252262 - -2?
252264
In base 2, what is -10001000111000111 - 10?
-10001000111001001
In base 11, what is -23408 - -56?
-23362
In base 16, what is -447aa + 2?
-447a8
In base 9, what is -451 - -672?
221
In base 10, what is -52 + -415?
-467
In base 16, what is -1816 - -4?
-1812
In base 9, what is 153 - -1084?
1247
In base 13, what is a8713 + 5?
a8718
In base 14, what is 782 + b?
78d
In base 10, what is 833061 + -3?
833058
In base 7, what is -20032 - 3260?
-23322
In base 11, what is 5155a - -3?
51562
In base 2, what is -110110101011101 + -100001?
-110110101111110
In base 10, what is -2 - 3680?
-3682
In base 3, what is 1020 - -111122211?
111201001
In base 11, what is 5 - 16a793?
-16a789
In base 2, what is -111001000100011011 - 0?
-111001000100011011
In base 12, what is 2 - -469a8?
469aa
In base 10, what is -1571 - 16?
-1587
In base 16, what is 14 - ff?
-eb
In base 12, what is 116a - -26?
1194
In base 13, what is 196 + -1145?
-c7c
In base 13, what is -a3161 - 7?
-a3168
In base 12, what is 19265 + -b?
19256
In base 11, what is 667 + 1737?
22a3
In base 8, what is 12 + -3117?
-3105
In base 4, what is 10 + -21233?
-21223
In base 2, what is -1 + -1010011111110100?
-1010011111110101
In base 14, what is 3 - -3809?
380c
In base 9, what is 0 + 38503?
38503
In base 2, what is -11 + 110101000110100?
110101000110001
In base 6, what is -30 + 422013?
421543
In base 12, what is -4 + b320?
b318
In base 11, what is 1 + -101537?
-101536
In base 4, what is -10 - 200112201?
-200112211
In base 8, what is -1117251 - -3?
-1117246
In base 7, what is -3 - -6146364?
6146361
In base 15, what is -eb - 1122?
-121d
In base 4, what is 312022 - 20331?
231031
In base 12, what is -20391 - -7?
-20386
In base 14, what is cc + -70?
5c
In base 12, what is 852b + 5?
8534
In base 8, what is 5 + 16174?
16201
In base 8, what is -223 - 1614?
-2037
In base 8, what is 245 + 603?
1050
In base 7, what is -3 + 1422?
1416
In base 15, what is 17e7e9 + 2?
17e7eb
In base 2, what is -1010 - 11011000010001?
-11011000011011
In base 14, what is 4d6c - 7d?
4ccd
In base 3, what is -120002 + 11020010?
10200001
In base 16, what is -2a2ac + 5?
-2a2a7
In base 9, what is -13 - -118607?
118584
In base 4, what is -33 - 100302?
-101001
In base 2, what is 110001001111 - -1111010?
110011001001
In base 16, what is -1669 + 4?
-1665
In base 13, what is -8a54 + 34?
-8a20
In base 7, what is 44035 - 32?
44003
In base 8, what is 23337 + 745?
24304
In base 6, what is 221044 - 421?
220223
In base 13, what is 3 + 5530?
5533
In base 4, what is -2333012321 + 11?
-2333012310
In base 14, what is 4 + 126937?
12693b
In base 15, what is -1 + 9a957?
9a956
In base 6, what is -505 + -3302?
-4211
In base 8, what is -425 + 1662?
1235
In base 12, what is -9 + -4b4?
-501
In base 16, what is 42 - 13a8?
-1366
In base 12, what is ab64 - 0?
ab64
In base 2, what is -10 + -1101000001101001?
-1101000001101011
In base 2, what is -10110100 + -10010010?
-101000110
In base 9, what is 87256 + 0?
87256
In base 12, what is 0 + 62ab?
62ab
In base 12, what is 46 + 3815?
385b
In base 5, what is -24023 + -14?
-24042
In base 13, what is -173 + 25?
-14b
In base 15, what is -2 - 697c?
-697e
In base 16, what is 2e1 + 96?
377
In base 2, what is 100100001111 - -1111111?
100110001110
In base 5, what is -30024144 - 2?
-30024201
In base 3, what is -10020 + 10110?
20
In base 12, what is -a339 + 0?
-a339
In base 10, what is 1109 - -331?
1440
In base 6, what is 2 - -31315?
31321
In base 3, what is -201211 - -11201100?
10222112
In base 7, what is 23 - -24355?
24411
In base 6, what is 532 + -201?
331
In base 9, what is 31441 + 1?
31442
In base 6, what is 45143 + -13?
45130
In base 6, what is 5 + -15233322?
-15233313
In base 16, what is 2928f - -a?
29299
In base 9, what is 2 + -1450?
-1447
In base 4, what is -201201 + -12312?
-220113
In base 4, what is -122 + 102022?
101300
In base 15, what is 45cc - 38?
4594
In base 12, what is 3 - 115a1?
-1159a
In base 4, what is 12 + 213231220?
213231232
In base 15, what is 4 - ec62?
-ec5d
In base 16, wha